What is the tens digit of j(4)?
2
Suppose c - a - 7 = 0, c - 13 = 2*a + 2*a. Suppose c*f + 20 = 5*b, 4*f = -b + 13 - 4. Suppose -4 = l - 6, b*l - 34 = -3*p. What is the units digit of p?
8
Suppose 0 = 5*w - 64 - 71. Let l = w - -11. What is the units digit of l?
8
Suppose -42*z + 2376 + 17994 = 0. What is the tens digit of z?
8
Let h be (-34)/119 + 74/14. Suppose -l = -0*l + 2. Let z = l + h. What is the units digit of z?
3
Let l = 10 - -1. Let r(w) = w**3 + w**2 + 2*w + 4. Let o be r(-2). What is the tens digit of (-8)/o*(l + -2)?
1
Let d(w) = -3*w**2 + 3*w - 3. Let y be d(4). Let f(c) = -6*c + 9. Let g be f(-1). Let z = g - y. What is the tens digit of z?
5
Let j(m) = 2*m + 20. Let i be j(-7). What is the units digit of (i/(-1))/6 + 145?
4
Suppose 0 = 2*t - 6*t + 4*d + 4, -14 = t + 4*d. Let c be (-1 - -4) + t/(-1). Suppose -c*a = -a - 12. What is the units digit of a?
3
Suppose -4*u = 4*d, 0 = 5*u + 4*d - 5 + 3. Let a = 4 + 18. Let h = u + a. What is the units digit of h?
4
Let f = 43 + -38. Suppose -2*n = -f*n + 162. What is the tens digit of n?
5
Let g = 1 + -1. Suppose 2*t + 2 = -0*t + u, g = -4*u. Let b(r) = -48*r**3 + r**2 + 2*r + 1. What is the units digit of b(t)?
8
Suppose -14*a + 12*a = 0. Let u be (a - -1) + (-162)/(-3). Let r = u - 27. What is the units digit of r?
8
Let b(t) = 9 - 2*t - 6*t - 13. What is the units digit of b(-6)?
4
Let x = 34 - 34. Suppose x = w - 4, 4*w = 2*y - 130 - 186. What is the tens digit of y?
6
Suppose 3*k + 25 = 109. Let y = k - 25. Suppose -y*o = -11*o + 576. What is the tens digit of o?
7
Suppose -295 = -c - 0*c + t, -4*t + 1140 = 4*c. Suppose s + 222 + 48 = 5*b, -5*b - 3*s = -c. What is the tens digit of b?
5
Let d be (1 - 2/(-1))/(51/289). Suppose -7*r - 1000 = -d*r. What is the hundreds digit of r?
1
Let g = -56 + 39. Let y = 35 + -32. Let b = y - g. What is the tens digit of b?
2
Let x be (0 - 8/4)*-10. Let p(o) = -10*o + 9*o**3 + 6*o**2 + 12*o**3 + 2 - x*o**3. What is the units digit of p(-7)?
3
Suppose 5*i - 23 = -8. Suppose i*q + 2*q = 15. Suppose -q*j + 4 = -2. What is the units digit of j?
2
Suppose -15311 - 2698 = -23*u. What is the units digit of u?
3
Let u be 4/((16/(-4))/(-4)). Suppose u*n - 1434 = -62. What is the tens digit of n?
4
Suppose -3*m + 1596 = -0*m. What is the units digit of m?
2
Let k(n) = -n**3 - 13*n**2 - 13*n - 7. Let i be k(-12). Suppose -230 - 315 = -i*l. What is the tens digit of l?
0
What is the units digit of (-341)/(-248) - (-6)/(-16)?
1
Let w = 145 - -36. Suppose -2*t = -w + 7. What is the tens digit of t?
8
Suppose -2*t + c = -174, -3*c + c - 436 = -5*t. Suppose -h = 5*q - 5*h - t, 0 = -q + h + 17. Suppose -q = -2*x + b + b, -12 = 3*b. What is the units digit of x?
6
Suppose 2*c - 2*i - 630 = -3*c, c - 149 = 5*i. Let v(s) = -5*s - 104. Let t be v(-20). What is the units digit of c/16 + (-1)/t?
8
Let p(z) = -359*z + 672. What is the units digit of p(-6)?
6
Suppose 9*z = 7*z + 152. Let g = z - 44. What is the units digit of g?
2
Let p(v) be the first derivative of 0*v - 3/2*v**2 + 2/3*v**3 + 3. What is the units digit of p(-4)?
4
Suppose 0 = -3*l + l + 324. Suppose 0 = f + 2*f + l. Let r = f + 77. What is the tens digit of r?
2
Suppose 0 = 43*s - 9*s - 37842. What is the thousands digit of s?
1
Let r = 111 - 9. Suppose 0 = m - 81 - 84. Let b = m - r. What is the units digit of b?
3
Let i(b) = 2*b + 14. Let y be i(-6). Suppose n - 149 = -5*m + 694, -4*n = y*m - 330. What is the hundreds digit of m?
1
Let p = -81 + 91. What is the units digit of p/(-70) - 2326/(-14)?
6
Let m(a) = -3*a - 6. Let d(g) = 2*g**2 + 3*g + 2. Let o be d(-2). Let w(h) = -4*h - 7. Let v(x) = o*w(x) - 5*m(x). What is the units digit of v(-20)?
2
Let r = 575 + 72. What is the hundreds digit of r?
6
Let a = -639 - -881. What is the units digit of a?
2
Suppose 3*s = 93 + 21. What is the units digit of s?
8
Suppose 9 - 5 = 2*i. Let c = i + -5. Let d = 4 - c. What is the units digit of d?
7
Let x be 1*(-2)/(-6)*9. Let b(o) = -1 + o - x*o + 4*o + 0*o. What is the units digit of b(7)?
3
Let h = -196 + 2940. What is the units digit of h/24 + (-4)/(-6)?
5
Let y(i) = -14*i. Suppose 8*a - 63 + 311 = 0. Let m = a + 27. What is the tens digit of y(m)?
5
Let s = -140 - -396. Suppose 0 = 3*d + p - s, d - 7*p + 4*p - 92 = 0. What is the units digit of d?
6
Suppose 183542 = 52*p + 47770. What is the tens digit of p?
1
Let r(a) = a - 1. Let j be (0 - 6) + -2 + 2. Let v be r(j). What is the units digit of (-10)/35 - 72/v?
0
Let l(b) = -b**3 + 5*b**2 + 2*b + 4. Let d be l(5). Let h be 4/d - 4842/42. What is the units digit of (h/(-10))/(1/2)?
3
Suppose 11*b = 10*b + 1. Let p = b - 0. What is the units digit of (-258)/(-15) - p/5?
7
Let m(j) = -j - 34. Let y be m(-13). Let p = y - -24. Suppose -2*n = -s - p*n + 54, -5*s + n = -288. What is the tens digit of s?
5
Let c = 2658 - 1120. What is the tens digit of c?
3
What is the hundreds digit of (1 - 1 - -1)*515?
5
Suppose 0 = -4*p - 5*m - 944, 4*p + 0*m - 4*m = -944. Let z be (-4)/(-6) + p/(-6). Suppose 3*v + 0*g - 79 = 2*g, 5*g - z = -2*v. What is the tens digit of v?
2
Suppose -3*s + 14*t + 1608 = 10*t, -3*t = 0. What is the units digit of s?
6
Let g = -61 - -91. Suppose 3*q - 2*o = 80, 5*q + 3*o - 78 = g. Suppose -26 - q = -5*y. What is the tens digit of y?
1
Let o(q) = 2*q + 17. Let b be o(-7). Suppose 7*s - b*s = 300. Suppose 0 = -3*c - 33 + s. What is the tens digit of c?
1
What is the units digit of (-96)/1104 + 272232/46?
8
Suppose 3*q = -3*a - 156, 116 = -3*q + 3*a + 2*a. Let i = q + 35. What is the units digit of 52 - (-7)/((-28)/i)?
5
Let v(o) = 3*o**3 + 5*o**2 - 18*o - 34. What is the units digit of v(9)?
6
Suppose 5*c + 39 = 2*w, -4*w = 2*c - 5*c - 15. Let i = c - -56. What is the tens digit of i?
4
Let k(x) = -2*x + 8. Let r be k(1). Let c = 5 + 0. Suppose c*m - 24 = r. What is the units digit of m?
6
Let l = 1688 - 892. What is the hundreds digit of l?
7
Let q = 19 + -23. What is the units digit of 6/q*(-1210)/33?
5
Suppose 1779 = 3*g + 459. What is the units digit of g?
0
Let f(c) = -2*c - 3*c**3 + 37 + 4*c**2 - 18 - 16 + 8*c**3. What is the tens digit of f(2)?
5
Suppose 0 = q - 0 + 4. Let p be q/(0 - 4) + 1. Suppose 205 = 7*x - p*x. What is the units digit of x?
1
Let x(p) = p**3 + 0*p + 6 + 2*p - 25 + 8*p + 15*p**2. What is the tens digit of x(-14)?
3
Suppose 3*p - 2 = 1. Let t be p/(-2) - (-89)/(-2). Let k = -10 - t. What is the units digit of k?
5
Suppose -y + u = 27, -5*y - 136 = -2*u + 5. Let a = -1 - y. Let l = -23 + a. What is the units digit of l?
5
Suppose 0 = -3*t + 4 - 1. Let v be ((-21)/t)/(-3) - -1. Let d(i) = 3*i - 3. What is the units digit of d(v)?
1
Suppose -4*b = -2*b - 2*g - 14, 4*b - 31 = 5*g. Suppose -3*c + 6 = 0, 0 = -i + b*c - 82 + 202. What is the units digit of i?
8
Let r be (40*(3 + -2))/(0 - -2). Suppose r*t + 1 = 21*t. What is the units digit of t?
1
Suppose 4*f = 3*u + 712, -6*u + 7*u = 4*f - 704. What is the hundreds digit of f?
1
Let m = 13 + -7. What is the units digit of (m/(-15))/((-5)/400)?
2
Suppose -4*u + u - 2*o + 4 = 0, 0 = 5*u - 5*o + 10. Suppose -9*k + 896 + 1309 = u. What is the units digit of k?
5
Suppose -12 = -4*v + 3*u + 35, -3*v + 5*u + 49 = 0. Let h be (-5)/20 + 402/v. Let d = h - 31. What is the tens digit of d?
1
Let r = 10 + -6. Suppose -r*b + 25 + 51 = 3*z, 2*b + 3*z - 32 = 0. Let m = -1 + b. What is the tens digit of m?
2
Let p = 33 + -35. Let t(b) = -8*b**3 + b**2 + 2*b + 4. What is the tens digit of t(p)?
6
Suppose 2*m + 6 = 0, 5*m - 5367 = -12*o + 9*o. What is the units digit of o?
4
Let i = 2808 + -886. What is the tens digit of i?
2
Suppose 0 = -5*r - m + 6708, -3*r + 12*m + 4011 = 8*m. What is the units digit of r?
1
Suppose -25 = 5*s, -4*s = 4*n + n - 970. What is the tens digit of n?
9
Suppose 66 = 2*u - 5*o, -188 = -4*u - 8*o + 4*o. Let f = u + -18. What is the units digit of f?
5
Suppose 10 = -2*o - 8. Let x = o + 4. Let i(c) = 2*c**2 + 8*c + 7. What is the tens digit of i(x)?
1
Let r = -51 - -85. Suppose 3*l - r = -4. What is the units digit of l?
0
Let z = -5 - -45. Suppose 0 = 5*k - 4*k + 5*a - 11, 2*k = -a + z. What is the units digit of k?
1
Let o be (0 - 11)/(2/2). Let j = 6 + o. Let k = 20 + j. What is the tens digit of k?
1
Let o be 0/2 - (-10)/((-40)/(-12)). What is the tens 